1537975915?
True
Is 34 a factor of 503470729?
False
Does 12 divide 1330887785?
False
Is 230448510 a multiple of 1206?
True
Is 10 a factor of 991160?
True
Is 28638511 a multiple of 10?
False
Is 594704 a multiple of 218?
True
Is 231051392 a multiple of 21?
False
Does 2154 divide 62998038?
True
Does 19 divide 882720?
False
Does 403 divide 111892253?
False
Is 21931182 a multiple of 63?
True
Does 28 divide 8627232236?
True
Does 13 divide 22641307?
True
Is 52823048 a multiple of 133?
False
Does 6 divide 3094206?
True
Is 1872185 a multiple of 5?
True
Is 24 a factor of 320937744?
True
Does 552 divide 160644144?
True
Does 3273 divide 153166581?
True
Does 173 divide 43211940?
True
Is 6666 a factor of 557425174?
False
Is 1054307938 a multiple of 34?
True
Does 53 divide 69195887?
False
Is 416118119 a multiple of 47?
True
Does 596 divide 2777810576?
True
Is 32085360 a multiple of 40?
True
Is 28 a factor of 102448808?
True
Is 473 a factor of 114762571?
True
Is 5696 a factor of 5274521162?
False
Is 1248916976 a multiple of 153?
False
Is 84 a factor of 74560248?
True
Does 103 divide 17468681?
False
Is 52 a factor of 19106102?
False
Does 586 divide 1319672?
True
Is 2879 a factor of 76372544?
False
Is 2312 a factor of 809944464?
True
Is 3677 a factor of 77845398?
False
Does 709 divide 156596121?
True
Does 79 divide 830922?
True
Is 48530430 a multiple of 219?
False
Is 2989 a factor of 3363055416?
True
Is 354 a factor of 95013600?
True
Does 117 divide 347660069?
False
Is 5 a factor of 7980330?
True
Is 74914893 a multiple of 55?
False
Is 58846872 a multiple of 222?
True
Does 19 divide 4111258?
True
Does 78 divide 1117825800?
True
Does 787 divide 173028238?
False
Is 2442 a factor of 49238046?
True
Is 326622385 a multiple of 101?
True
Is 140 a factor of 1404718560?
True
Is 17424402 a multiple of 6?
True
Does 111 divide 29026500?
True
Does 109 divide 333319929?
True
Is 648374701 a multiple of 183?
False
Is 4235 a factor of 3912428520?
True
Does 31 divide 104199401?
True
Does 363 divide 3214191123?
True
Does 6 divide 199308654?
True
Is 56 a factor of 8286128?
False
Does 3 divide 223248?
True
Is 26 a factor of 1754759708?
True
Is 54 a factor of 4674780?
True
Is 7075794 a multiple of 313?
False
Does 131 divide 15238555?
False
Is 92594826 even?
True
Does 303 divide 2511870?
True
Is 31 a factor of 29971854?
True
Is 1473814230 a multiple of 15?
True
Does 384 divide 28338266?
False
Is 3 a factor of 7947373?
False
Does 65 divide 797332797?
False
Does 500 divide 3727395677?
False
Is 126 a factor of 262129?
False
Does 133 divide 4081238?
True
Is 785 a factor of 499574000?
True
Does 547 divide 1253000?
False
Is 90707130 a multiple of 156?
False
Is 388 a factor of 60676992?
True
Does 1069 divide 73211052?
False
Does 144 divide 23153616?
True
Is 6 a factor of 15133062?
True
Does 4413 divide 231801651?
True
Is 811 a factor of 362654870?
True
Is 1270770544 a multiple of 61?
True
Is 9165922 a multiple of 10?
False
Does 7 divide 99663856?
False
Is 8120943 a multiple of 25?
False
Does 136 divide 555806432?
True
Does 132 divide 1991999064?
True
Is 288 a factor of 304421653?
False
Does 46 divide 813542234?
False
Is 668 a factor of 415380436?
True
Does 345 divide 59080125?
False
Is 33533111 a multiple of 234?
False
Is 150017203 a multiple of 444?
False
Is 776 a factor of 1566732360?
True
Is 840 a factor of 100701644?
False
Is 6929265 a multiple of 364?
False
Is 40 a factor of 299946400?
True
Is 18 a factor of 54637686?
True
Is 13 a factor of 205759606?
True
Is 13 a factor of 3272144?
False
Is 42 a factor of 310242018?
False
Does 282 divide 45323186?
False
Does 12 divide 281915456?
False
Is 754 a factor of 121732783?
False
Is 64666688 a multiple of 56?
False
Does 9 divide 98106260?
False
Is 656 a factor of 7628624?
True
Does 170 divide 772104470?
True
Is 62 a factor of 20648368?
False
Is 54 a factor of 133074306?
True
Does 24 divide 384224255?
False
Is 118624500 a multiple of 2929?
True
Is 3465 a factor of 88972508?
False
Is 151 a factor of 64000512?
False
Is 342 a factor of 14867482?
False
Is 138 a factor of 59595839?
False
Is 83491233 a multiple of 382?
False
Does 6 divide 10045014?
True
Is 6 a factor of 144349860?
True
Does 278 divide 8402828?
True
Is 415 a factor of 105345055?
False
Is 597 a factor of 106800743?
False
Does 53 divide 2949397?
True
Is 1226853362 a multiple of 502?
True
Is 7510 a factor of 705684660?
True
Is 180 a factor of 1380060?
True
Is 101040605 a multiple of 3239?
True
Does 3 divide 217439652?
True
Is 487 a factor of 740775700?
True
Does 602 divide 80036086?
False
Is 37649566 a multiple of 1994?
False
Is 120218286 a multiple of 23?
True
Is 214205083 a multiple of 4977?
False
Is 2937 a factor of 3342306?
True
Is 311512631 a multiple of 174?
False
Does 78 divide 1997036093?
False
Does 985 divide 27470665?
True
Is 555271056 a multiple of 48?
True
Does 363 divide 430984160?
False
Is 302494024 a multiple of 14?
True
Is 37277689 a multiple of 173?
False
Is 1252 a factor of 222779557?
False
Is 21804280 a multiple of 3?
False
Is 54 a factor of 1156978?
False
Is 20 a factor of 76949360?
True
Is 834 a factor of 85039872?
False
Is 1409 a factor of 27781605?
False
Does 52 divide 83627161?
False
Is 190645029 a multiple of 501?
True
Is 51197323 even?
False
Is 8223163 a multiple of 2?
False
Is 62 a factor of 171680493?
False
Is 124 a factor of 828945952?
True
Is 35 a factor of 60084640?
True
Is 46923333 a multiple of 2321?
False
Is 5474273 a multiple of 35?
False
Does 8 divide 4188816?
True
Is 285 a factor of 16106024?
False
Is 84814649 a multiple of 4747?
True
Does 22 divide 13857800?
True
Is 862 a factor of 227055972?
True
Is 733785625 a multiple of 328?
False
Is 8272373 a multiple of 495?
False
Is 19323909 a multiple of 207?
False
Is 38 a factor of 41358040?
False
Is 43 a factor of 5699650?
True
Is 3008535209 a multiple of 841?
False
Does 257 divide 155573408?
True
Does 4121 divide 4760492659?
True
Does 5352 divide 1071636312?
True
Is 156 a factor of 38006904?
True
Is 367059096 a multiple of 1116?
True
Is 577 a factor of 76266934?
False
Is 16 a factor of 30183648?
True
Does 37 divide 1017891201?
True
Does 369 divide 45715410?
True
Does 149 divide 12078834?
True
Is 462 a factor of 85186348?
False
Is 40 a factor of 293224000?
True
Is 2577176638 a multiple of 8?
False
Is 2392 a factor of 47739536?
True
Is 436 a factor of 13025155?
False
Is 400 a factor of 763702204?
False
Is 149289954 a multiple of 323?
True
Is 93075286 a multiple of 9?
False
Does 206 divide 60154478?
False
Does 73 divide 449661829?
False
Is 1708 a factor of 20107231?
False
Is 14 a factor of 51024664?
False
Is 9221 a factor of 597844031?
False
Does 2242 divide 35606926?
False
Does 4 divide 147169?
False
Is 109 a factor of 753946129?
False
Is 261036621 a multiple of 93?
False
Does 674 divide 138270935?
False
Does 810 divide 490691520?
True
Is 619347680 a multiple of 805?
True
Is 90 a factor of 6197502?
False
Does 918 divide 2429940465?
False
Does 41 divide 274824907?
False
Is 153 a factor of 173815559?
False
Does 372 divide 313420384?
False
Is 1098633318 a multiple of 457?
False
Is 16278660 a multiple of 680?
False
Does 4003 divide 2677621457?
False
Does 161 divide 262621507?
False
Is 8 a factor of 186393848?
True
Does 490 divide 146756516?
False
Is 1599 a factor of 20719226?
False
Is 389 a factor of 228042303?
True
Does 337 divide 47950382?
True
Is 17930760 a multiple of 15?
True
Does 46 divide 6049318548?
False
Is 12 a factor of 4124351?
False
Does 87 divide 22194481?
False
Does 728 divide 10263344?
True
Is 19 a factor of 60650223?
True
Is 948 a factor of 1311574116?
True
Is 2 a factor of 139441763?
False
Does 52 divide 2297164532?
True
Does 24 divide 307475?
False
Is 13005679 a multiple of 19?
False
Does 26 divide 1909461375?
False
Does 606 divide 669745746?
True
Is 40 a factor of 22477361?
False
Is 67 a factor of 2249495036?
False
Is 27 a factor of 2690945?
False
Is 24 a factor of 40335755?
False
Is 189565376 a multiple of 22?
True
Is 3446174 even?
True
Is 88084156 a multiple of 634?
True
Is 108446839 a multiple of 8?
False
Is 11323773 a multiple of 163?
True
Is 1918 a factor of 75245058?
True
Does 10 divide 40001290?
True
Does 1753 divide 573426644?
False
Does 362 divide 283512970?
True
Is 3699277 a mult